 (126/(-27))/7*o/(-4). Let p(b) be the third derivative of b**5/20 - b**3/6 - b**2. What is p(i)?
2
Let c = -135 - -137. Suppose 230 = -c*q + 220. Let h(s) = 10 + 6*s**2 + 0*s**2 + 4*s - 4 + s**3. Calculate h(q).
11
Let f(r) = 6*r + 32. Suppose 6*g - 8 = -2. Suppose -m + g = -3*h, m - h + 4*h = -29. Let i(s) = -2*s - 11. Let w(u) = m*i(u) - 5*f(u). Determine w(-6).
6
Let m(y) = -2 + 15*y - 1 - 37*y + 21*y. Let a be m(-3). Suppose -5*n + a = -5*j + 20, 0 = -n + 3*j - 8. Let t(p) = p**3 + 2*p**2 + 2*p + 3. What is t(n)?
-1
Let f(l) = l + 7. Let i(m) = -5*m + 44. Let r(c) = 2*c**2 - 2*c + 7. Let j be r(0). Suppose -13 = j*k - 83. Let q be i(k). Give f(q).
1
Suppose 4*g - 3 = g. Let d(k) = -2*k**3 + 2*k**2 - k. Let y(q) = 9*q**3 - 12*q**2 + 7*q - 1. Let c(p) = 7*d(p) + y(p). Give c(g).
-4
Let k(z) = 24*z**2 - 11*z - 16. Let i(j) = 9*j**2 - 6*j - 8. Let p(w) = 5*i(w) - 2*k(w). Calculate p(4).
-88
Let j = 27363 - 27356. Let z(y) = y**2 - 8*y + 38. Calculate z(j).
31
Let y be 144 + (-5)/(-10 + 5). Let j = 141 - y. Let d(c) = 3*c + 9. Determine d(j).
-3
Let x(o) = 2*o**2 + o - 2. Let n be x(-2). Let p(z) be the third derivative of z**5/20 - z**4/8 + 2*z**2 - 108*z - 13. Give p(n).
36
Let u(p) = p**3 - 19*p**2 + 16*p + 43. Let y be u(18). Let m(d) = d**2 - d - 17. Determine m(y).
25
Let u(w) = w**2 + w - 2. Suppose -43*y + 255 = -40*y. Let k = y - 82. Suppose 0*t + 2*t + z = 9, -k*t = -3*z. Give u(t).
10
Let t(c) = 65*c**3 - 5*c**2 + 13*c - 4. Let n(y) = 97*y**3 - 4*y**2 + 16*y - 4. Let l(r) = -2*n(r) + 3*t(r). Let s be 1/3 - 34/(-6). Give l(s).
2
Let c(r) = 7*r**2 - 45*r + 3. Let w = -2293 - -2299. Determine c(w).
-15
Let x(c) = 8*c + 3. Let b(t) = 12*t - 164. Let y be b(9). Let d(o) = 53*o**2 + 1. Let s be d(-1). Let k = y + s. What is x(k)?
-13
Let h(b) = 3*b + 12. Let z be h(-3). Let s(l) be the first derivative of -l**3/3 - 3*l**2/2 + 3*l - 1688. What is s(z)?
-15
Let t(g) = 4*g - 12. Let z be t(4). Let p(h) = -2 + 7 - h - 6 + h - z*h. What is p(-1)?
3
Let s(n) = -n + 4. Let j(g) = -2*g - 17. Let x(z) = -j(z) - 6*s(z). Give x(2).
9
Suppose 3*y = -5*w + 5, -w = -3*y - 7 - 12. Let x(s) = -23 - w*s - 10*s + 28 + 7*s**2. Let r(m) = 3*m**2 - 7*m + 3. Let t(o) = 5*r(o) - 2*x(o). Calculate t(6).
-1
Let z(c) = -12. Let a(j) = 7. Let f(d) = 7*a(d) + 4*z(d). Let n(s) = -11*s + 1 + 1 + 12*s. Let m(r) = 2*f(r) + n(r). Determine m(-7).
-3
Suppose 2*u + 13*u = 5*u. Let y(l) = 3 + u*l + 9*l + 2*l - 14*l. Give y(-6).
21
Let o(h) = -h - 10. Suppose 4*q = 5*u - 422, 2 = 2*u - 2. Let x = q + 96. Determine o(x).
-3
Let l(t) = 12*t**2 + 190408 - 190407 + 20*t**2 - t. Determine l(1).
32
Let h(k) = 3*k**3 - k**2. Let g be 2/(-8) - (-3 + 45/(-36)). Suppose 5*w = 5*x + 25, w - 5*w + 12 = g*x. What is h(x)?
-4
Suppose 0 = 2*q - 3*q + 12. Let h be (27/q)/(9/24). Let y(c) = -12*c + 13*c + 4 - 8 + 0. Determine y(h).
2
Let q(u) = -18*u + 5 - 33*u**2 + 3 + 498*u**3 - 496*u**3. Give q(17).
-9
Let y(n) be the second derivative of 2*n**5 - n**3 + 3*n**2 + 12*n - 633. What is y(1)?
40
Suppose 4*y = -2*i + 32, -6 = -y + 4*i - 5*i. Let c(k) be the third derivative of 0*k + 106*k**2 - 2/3*k**3 + 0 + 1/24*k**4. Calculate c(y).
6
Let m = 559 + -560. Let j(f) = f**2 - f - 1. Let q(h) = h**3 - h**2 - h + 1. Let t(d) = m*q(d) + j(d). Determine t(3).
-11
Let b be (-4)/5 - 108/(-10). Let o(h) = 44242*h**2 + h**3 - 9*h + 44239*h**2 - 21 - 88490*h**2. Determine o(b).
-11
Let c(u) = 7*u**2 + 540838*u - 19 - 540839*u + 17. Determine c(4).
106
Let f(k) be the second derivative of -k**3/6 + 3*k**2 - 2*k - 328. Calculate f(3).
3
Let h(v) = -13*v**3 + 5*v**2 - 5*v - 9. Let b(f) = 3*f**3 - f**2 + f + 2. Let m(r) = -9*b(r) - 2*h(r). Let l = 25649 - 25647. Calculate m(l).
-10
Let s(h) be the second derivative of -h**3/3 + h**2 + 1648*h. What is s(-16)?
34
Let p(u) be the first derivative of 37*u**2/2 - 3*u + 1715. Give p(3).
108
Let g(v) = 5*v**2 - 8*v + 11. Let h(q) = 23*q**2 - 40*q + 51. Let c(z) = -14*g(z) + 3*h(z). Determine c(-9).
-10
Let i be 17/(-4) + 2 - 2652/(-624). Let o(z) be the first derivative of z**3 + i*z - 40 - 1/4*z**4 + 1/2*z**2. Give o(2).
8
Let b(j) = -3*j**2 + 54*j + 48. Let v be b(19). Let l(c) = -2*c**2 - 10*c - 11. Let z(x) = -x**2 + x. Let p(q) = -l(q) + z(q). Give p(v).
-7
Let z be 0 + (0 - (0 + -6)). Let o(p) = 5*p**3 + 6*p**2 + 3*p**3 + 2*p**3 - p - 1 - 11*p**3. Let n be o(z). Let t(l) = -2*l - 9. Determine t(n).
5
Let q be 66/44 - 3/2. Let c(w) = 1 + w**3 + q - 6 + w**2 + 4*w**2 - 6*w - 2*w**2. Determine c(-4).
3
Let s = 8 + -18. Let p(o) = -5*o**2 + 23*o + 22. Let q(u) = 11*u**2 - 48*u - 46. Let l(i) = 13*p(i) + 6*q(i). Determine l(s).
0
Let q(s) = 150*s + 38 - 51*s - 54*s - 40*s. Determine q(-7).
3
Let w = 34 - 46. Let c be w + 10 - -1*8. Suppose 10*o + c = 11*o. Let t(h) = h**2 - 7*h + 7. Determine t(o).
1
Let s(i) = i**3 + 10*i**2 + 8*i - 4. Let j = 157 - 86. Let l = j - 59. Suppose -93 = 9*r - l. Determine s(r).
5
Let q = -2 + 5. Suppose 2*p - q = 7. Let y(r) = 5 - 39*r + r**3 + 32*r - 9 - 2*r**2 + 3 - r**2. What is y(p)?
14
Let a(d) = -d**2 - 2*d - 12. Let h(k) = -k**2 - 2*k - 17. Suppose -4*y + 3*y - 10 = -4*p, y = -2*p + 8. Let b(l) = y*h(l) - 3*a(l). Calculate b(-5).
17
Let k(f) = -7*f + 20985*f**3 - 3*f**2 - 7 - 41953*f**3 + 20969*f**3. Suppose 4*a = 2*a + 10. What is k(a)?
8
Suppose -69*z = 73 + 65. Let h(b) = b**2 + b + 4. Determine h(z).
6
Let y(t) = -18*t**3 + 5*t**2 - 5*t + 6. Let c(l) = -7*l**3 + 3*l**2 - 3*l + 3. Let k(m) = -5*c(m) + 2*y(m). What is k(-6)?
3
Let c = -214 + 215. Let a(z) = z**3 + z**2 - z. Let n(p) = -3*p**3 - 2*p**2 - 4*p - 2. Let o(k) = c*n(k) - a(k). Determine o(-2).
24
Let c be (-1 + (-11)/(-2))/(-14 + (-1488)/(-96)). Let t(p) be the second derivative of c*p**2 + 0 - 5/6*p**3 - 6*p. Calculate t(4).
-14
Let p = 37 - 42. Let h(m) = m**3 + 32*m**2 + 14*m**2 + 2 - 4*m - 42*m**2. Determine h(p).
-3
Let t(d) = -2*d**2 - d. Let s(y) = -y**3 - 7*y**2 + 6*y - 11. Let w(v) = -s(v) + 5*t(v). Determine w(5).
6
Let k(u) = 124*u + 4441. Let l be k(-36). Let w(j) = 7*j + 160. Give w(l).
-1
Let k(t) be the first derivative of -5*t**2 + 43*t + 2404. Calculate k(6).
-17
Let h(d) = -3733*d + 4 + 7*d**2 + 3748*d + 5 + d**3 + 7*d**2. Calculate h(-13).
-17
Let r be 6 + -5 - 9/((-9)/4). Let b(u) = 18*u + 1 - 10 - 17*u. Calculate b(r).
-4
Let r(d) = -4*d**2 + 124825 + 5*d**2 - 124829 - 6*d. Determine r(6).
-4
Let h(s) = -3*s**3 - 12*s**2 - 9*s - 20. Let w(n) = -n**3 + n**2 - 2*n - 1. Let a(m) = h(m) - 6*w(m). Determine a(6).
4
Let t(x) = -7*x + 3. Let g(v) be the first derivative of 18*v**2 - 16*v - 54. Let k = -1 + -2. Let f(b) = k*g(b) - 16*t(b). Give f(1).
4
Let v(y) = -2*y - 5 + y - 4. Suppose -2845 = 12*z - 7621. Let b = z - 406. Determine v(b).
-1
Let o(j) = j**2 + 3*j - 4. Let r = -15 - -17. Let i be o(r). Let z(h) = h**2 + 4 + i*h - 6 + 0 + 4. Determine z(-5).
-3
Let l = 224 + -218. Suppose 0 = 112*t - 113*t - l. Let u(w) = -5*w - 2. Calculate u(t).
28
Let y(p) = 3*p**3 - 6*p**2 - 15*p - 9. Let k(f) = -3*f**3 + 8*f**2 + 17*f + 10. Let b(d) = -5*k(d) - 6*y(d). Calculate b(3).
-98
Suppose 2*v = 162 + 62. Let o(u) = -v*u**2 + 232*u**2 + 5*u - u**3 - 114*u**2 + 8. Calculate o(7).
-6
Let r(q) be the first derivative of -2 - 7/2*q**2 - 2*q - 1/4*q**4 - 7/3*q**3. Calculate r(-6).
4
Let n(h) = -h - 2. Let g be n(2). Let u(a) be the third derivative of -a**5/60 - a**4/8 - 5*a**3/6 + 6596*a**2. Calculate u(g).
-9
Let j(l) be the first derivative of 5*l**4/4 + l**3/3 + 2. Let r be j(-1). Let f be 2 - 46/8 - r/(-16). Let d(u) = u**2 + 3*u - 2. What is d(f)?
2
Suppose -2*w - q + 5*q = 34, 5*w - 5*q + 45 = 0. Let g(l) = -50*l - 6. Determine g(w).
44
Suppose -164*d + 35 = 36*d + 1035. Let u(a) = a**3 + 4*a**2 - 2*a + 2. Determine u(d).
-13
Let c(o) be the third derivative of o**4/12 - o**3/3 + 2*o**2 - 4*o. Suppose -7*v + 24 + 39 = 0. Calculate c(v).
16
Let q(v) be the third derivative of v**6/360 + v**5/15 + v**4/8 - 13*v**3/2 + 134*v**2. Let a(z) be the first derivative of q(z). What is a(-7)?
-4
Let s = -17421 + 17418. Let q(b) = -b**3 - 4*b**2 - 19*b - 39. Give q(s).
9
Let v(b) = -b**3 - 4*b**2 + 9*b + 5. Let r(z) = 65*z + 76. Let h(p) = -21*p - 25. Let y(i) = 7*h(i) + 2*r(i). Let u be y(-1). Determine v(u).
23
Suppose 3*l + 840 = -12*l + 43*l. Let f(a) = -a